{"id":28,"date":"2026-02-28T14:45:20","date_gmt":"2026-02-28T13:45:20","guid":{"rendered":"https:\/\/rejentki.pl\/?page_id=28"},"modified":"2026-02-28T18:11:09","modified_gmt":"2026-02-28T17:11:09","slug":"strona-glowna","status":"publish","type":"page","link":"https:\/\/rejentki.pl\/","title":{"rendered":"strona-glowna"},"content":{"rendered":"\n<p>Zapewniamy kompleksow\u0105 obs\u0142ug\u0119 notarialn\u0105 na najwy\u017cszym poziomie, \u0142\u0105cz\u0105c do\u015bwiadczenie i wiedz\u0119 z indywidualnym podej\u015bciem do ka\u017cdej sprawy.<\/p>\n\n\n\n<p>\u015awiadczymy pe\u0142en zakres us\u0142ug notarialnych dla klient\u00f3w indywidualnych, przedsi\u0119biorc\u00f3w, podmiot\u00f3w korporacyjnych oraz jednostek publicznych. Dbamy o bezpiecze\u0144stwo prawne i prawid\u0142owe zabezpieczenie interes\u00f3w wszystkich stron. Czynno\u015bci notarialne dokonane zgodnie z prawem maj\u0105 charakter dokumentu urz\u0119dowego, a notariusza obowi\u0105zuje tajemnica zawodowa.<\/p>\n\n\n\n<p>Gwarantujemy:<\/p>\n\n\n\n<p>bezpiecze\u0144stwo prawne czynno\u015bci,<\/p>\n\n\n\n<p>jasne wyja\u015bnienie skutk\u00f3w prawnych,<\/p>\n\n\n\n<p>rzetelno\u015b\u0107 i dba\u0142o\u015b\u0107 o szczeg\u00f3\u0142y.<\/p>\n\n\n\n<p>Jeste\u015bmy oddanym zespo\u0142em zaanga\u017cowanym w tworzenie wyj\u0105tkowych do\u015bwiadcze\u0144. Skupiamy si\u0119 na dostarczaniu niezawodnych i innowacyjnych rozwi\u0105za\u0144, kieruj\u0105c si\u0119 g\u0142\u0119bokim szacunkiem dla jako\u015bci i prawdziwym pragnieniem przekraczania oczekiwa\u0144.<\/p>\n\n\n\n<p>Zapraszamy do zapoznania si\u0119 z ofert\u0105 i kontaktu w celu um\u00f3wienia terminu spotkania.<\/p>\n","protected":false},"excerpt":{"rendered":"<p>Zapewniamy kompleksow\u0105 obs\u0142ug\u0119 notarialn\u0105 na najwy\u017cszym poziomie, \u0142\u0105cz\u0105c do\u015bwiadczenie i wiedz\u0119 z indywidualnym podej\u015bciem do ka\u017cdej sprawy. \u015awiadczymy pe\u0142en zakres us\u0142ug notarialnych dla klient\u00f3w indywidualnych, przedsi\u0119biorc\u00f3w, podmiot\u00f3w korporacyjnych oraz jednostek publicznych. Dbamy o bezpiecze\u0144stwo prawne i prawid\u0142owe zabezpieczenie interes\u00f3w wszystkich stron. Czynno\u015bci notarialne dokonane zgodnie z prawem maj\u0105 charakter dokumentu urz\u0119dowego, a notariusza obowi\u0105zuje tajemnica [&hellip;]<\/p>\n","protected":false},"author":1,"featured_media":0,"parent":0,"menu_order":0,"comment_status":"closed","ping_status":"closed","template":"","meta":{"footnotes":""},"class_list":["post-28","page","type-page","status-publish","hentry"],"_links":{"self":[{"href":"https:\/\/rejentki.pl\/index.php\/wp-json\/wp\/v2\/pages\/28","targetHints":{"allow":["GET"]}}],"collection":[{"href":"https:\/\/rejentki.pl\/index.php\/wp-json\/wp\/v2\/pages"}],"about":[{"href":"https:\/\/rejentki.pl\/index.php\/wp-json\/wp\/v2\/types\/page"}],"author":[{"embeddable":true,"href":"https:\/\/rejentki.pl\/index.php\/wp-json\/wp\/v2\/users\/1"}],"replies":[{"embeddable":true,"href":"https:\/\/rejentki.pl\/index.php\/wp-json\/wp\/v2\/comments?post=28"}],"version-history":[{"count":2,"href":"https:\/\/rejentki.pl\/index.php\/wp-json\/wp\/v2\/pages\/28\/revisions"}],"predecessor-version":[{"id":51,"href":"https:\/\/rejentki.pl\/index.php\/wp-json\/wp\/v2\/pages\/28\/revisions\/51"}],"wp:attachment":[{"href":"https:\/\/rejentki.pl\/index.php\/wp-json\/wp\/v2\/media?parent=28"}],"curies":[{"name":"wp","href":"https:\/\/api.w.org\/{rel}","templated":true}]}}