{"id":73,"date":"2026-02-28T19:02:57","date_gmt":"2026-02-28T18:02:57","guid":{"rendered":"https:\/\/rejentki.pl\/?page_id=73"},"modified":"2026-02-28T19:03:09","modified_gmt":"2026-02-28T18:03:09","slug":"sprzedaz-lokalu","status":"publish","type":"page","link":"https:\/\/rejentki.pl\/index.php\/dokumenty\/sprzedaz-lokalu\/","title":{"rendered":"SPRZEDA\u017b LOKALU"},"content":{"rendered":"\n<p><strong>Sprzeda\u017c lokalu stanowi\u0105cego odr\u0119bn\u0105 nieruchomo\u015b\u0107<\/strong><\/p>\n\n\n\n<ul class=\"wp-block-list\">\n<li>Dane stron<\/li>\n\n\n\n<li>Numer ksi\u0119gi wieczystej<\/li>\n\n\n\n<li>Podstawa nabycia lokalu<\/li>\n\n\n\n<li>Za\u015bwiadczenie o braku os\u00f3b zameldowanych<\/li>\n\n\n\n<li>Za\u015bwiadczenie o braku zaleg\u0142o\u015bci czynszowych<\/li>\n\n\n\n<li>\u015awiadectwo charakterystyki energetycznej<\/li>\n\n\n\n<li>Za\u015bwiadczenie z Urz\u0119du Skarbowego (je\u017celi wymagane)<\/li>\n<\/ul>\n\n\n\n<p><\/p>\n","protected":false},"excerpt":{"rendered":"<p>Sprzeda\u017c lokalu stanowi\u0105cego odr\u0119bn\u0105 nieruchomo\u015b\u0107<\/p>\n","protected":false},"author":1,"featured_media":0,"parent":13,"menu_order":0,"comment_status":"closed","ping_status":"closed","template":"","meta":{"footnotes":""},"class_list":["post-73","page","type-page","status-publish","hentry"],"_links":{"self":[{"href":"https:\/\/rejentki.pl\/index.php\/wp-json\/wp\/v2\/pages\/73","targetHints":{"allow":["GET"]}}],"collection":[{"href":"https:\/\/rejentki.pl\/index.php\/wp-json\/wp\/v2\/pages"}],"about":[{"href":"https:\/\/rejentki.pl\/index.php\/wp-json\/wp\/v2\/types\/page"}],"author":[{"embeddable":true,"href":"https:\/\/rejentki.pl\/index.php\/wp-json\/wp\/v2\/users\/1"}],"replies":[{"embeddable":true,"href":"https:\/\/rejentki.pl\/index.php\/wp-json\/wp\/v2\/comments?post=73"}],"version-history":[{"count":1,"href":"https:\/\/rejentki.pl\/index.php\/wp-json\/wp\/v2\/pages\/73\/revisions"}],"predecessor-version":[{"id":74,"href":"https:\/\/rejentki.pl\/index.php\/wp-json\/wp\/v2\/pages\/73\/revisions\/74"}],"up":[{"embeddable":true,"href":"https:\/\/rejentki.pl\/index.php\/wp-json\/wp\/v2\/pages\/13"}],"wp:attachment":[{"href":"https:\/\/rejentki.pl\/index.php\/wp-json\/wp\/v2\/media?parent=73"}],"curies":[{"name":"wp","href":"https:\/\/api.w.org\/{rel}","templated":true}]}}

SPRZEDAŻ LOKALU

<p><strong>Sprzedaż lokalu stanowiącego odrębną nieruchomość</strong></p>



<ul class="wp-block-list">
<li>Dane stron</li>



<li>Numer księgi wieczystej</li>



<li>Podstawa nabycia lokalu</li>



<li>Zaświadczenie o braku osób zameldowanych</li>



<li>Zaświadczenie o braku zaległości czynszowych</li>



<li>Świadectwo charakterystyki energetycznej</li>



<li>Zaświadczenie z Urzędu Skarbowego (jeżeli wymagane)</li>
</ul>



<p></p>

<p>Sprzedaż lokalu stanowiącego odrębną nieruchomość</p>
